{"batchcomplete":"","continue":{"lecontinue":"20260405150510|11343","continue":"-||"},"query":{"logevents":[{"logid":11353,"ns":0,"title":"L'Assembl\u00e9e du Seuil NL (suppl\u00e9ment)","pageid":10178,"logpage":6698,"revid":27742,"params":{"target_ns":0,"target_title":"L'Assembl\u00e9e du Seuil (NL) (suppl\u00e9ment)"},"type":"move","action":"move","user":"Ducdesaintamand","timestamp":"2026-04-12T17:31:23Z","comment":""},{"logid":11352,"ns":0,"title":"Le Souffle du Dragon (suppl\u00e9ment)","pageid":10177,"logpage":5089,"revid":27739,"params":{"target_ns":0,"target_title":"Le Souffle du Dragon (N1) (suppl\u00e9ment)"},"type":"move","action":"move","user":"Ducdesaintamand","timestamp":"2026-04-12T13:39:03Z","comment":""},{"logid":11351,"ns":0,"title":"Le Ch\u00e2teau (focus)","pageid":0,"logpage":7804,"params":{},"type":"delete","action":"delete","user":"Ducdesaintamand","timestamp":"2026-04-06T12:28:32Z","comment":"contenait \u00ab\u202f{{Infobox Focus  | titre              = Le Ch\u00e2teau,<br />couverture originale  | typemedia          = Livre  | auteur             = Franz Kafka  | apparence          = couverture de l'ouvrage original  | datecreation       = 1926  | lieuparution       = Munich  | artocculte         = [[Magie]]  }}  '''Le Ch\u00e2teau''' de Franz Kafka, et...\u202f\u00bb et son seul contributeur \u00e9tait [[Special:Contributions/Leducdesaintamand|Leducdesaintamand]] ([[User talk:Leducdesaintamand|discussion]])"},{"logid":11350,"ns":0,"title":"Cour du cr\u00e9puscule","pageid":10176,"logpage":1162,"revid":27735,"params":{"target_ns":0,"target_title":"Cour du Cr\u00e9puscule"},"type":"move","action":"move","user":"Ducdesaintamand","timestamp":"2026-04-05T17:00:36Z","comment":""},{"logid":11349,"ns":0,"title":"Cour de l'aurore","pageid":10175,"logpage":1160,"revid":27732,"params":{"target_ns":0,"target_title":"Cour de l'Aurore"},"type":"move","action":"move","user":"Ducdesaintamand","timestamp":"2026-04-05T16:59:16Z","comment":""},{"logid":11348,"ns":0,"title":"Sidhes","pageid":10174,"logpage":3995,"revid":27730,"params":{"target_ns":0,"target_title":"Sidhe"},"type":"move","action":"move_redir","user":"Ducdesaintamand","timestamp":"2026-04-05T16:58:00Z","comment":""},{"logid":11347,"ns":0,"title":"Sidhe","pageid":3995,"logpage":10173,"params":{},"type":"delete","action":"delete_redir","user":"Ducdesaintamand","timestamp":"2026-04-05T16:58:00Z","comment":"Page supprim\u00e9e pour permettre le renommage depuis \u00ab\u202f[[Sidhes]]\u202f\u00bb"},{"logid":11346,"ns":0,"title":"Sidhe","pageid":3995,"logpage":10173,"revid":27729,"params":{},"type":"create","action":"create","user":"Ducdesaintamand","timestamp":"2026-04-05T16:57:34Z","comment":"Page redirig\u00e9e vers [[Sidhes]]"},{"logid":11345,"ns":0,"title":"Terres lustrales","pageid":10172,"logpage":10172,"revid":27715,"params":{},"type":"create","action":"create","user":"Ducdesaintamand","timestamp":"2026-04-05T15:28:09Z","comment":"Page redirig\u00e9e vers [[Terre Lustrale]]"},{"logid":11344,"ns":0,"title":"D\u00e9voreur (Lune)","pageid":10171,"logpage":10171,"revid":27701,"params":{},"type":"create","action":"create","user":"Ducdesaintamand","timestamp":"2026-04-05T15:10:29Z","comment":"Page cr\u00e9\u00e9e avec \u00ab\u202f{{voir homonymes|D\u00e9voreur}} {{D\u00e9finition |edition=N2 |source_ouvrage=La Lune (18) (Codex des Adopt\u00e9s) |source_lien=La Lune (18) (suppl\u00e9ment) |source_chapitre=Glossaire p.5 |texte=c\u2019est ainsi qu\u2019est g\u00e9n\u00e9ralement d\u00e9sign\u00e9 le Dragon, ennemi \u00e9ternel de l'Arcane de la Lune. }}  == Voir aussi ==  * [[Dragon]] * [[La Lune (arcane majeur)|La Lune (XVIII)]]  {{faction}}\u202f\u00bb"}]}}

L'Assemblée du Seuil NL (supplément)

L'Assemblée du Seuil (NL) (supplément)

Le Souffle du Dragon (supplément)

Le Souffle du Dragon (N1) (supplément)

Le Château (focus)

contenait « {{Infobox Focus  | titre              = Le Château,<br />couverture originale  | typemedia          = Livre  | auteur             = Franz Kafka  | apparence          = couverture de l'ouvrage original  | datecreation       = 1926  | lieuparution       = Munich  | artocculte         = [[Magie]]  }}  '''Le Château''' de Franz Kafka, et... » et son seul contributeur était [[Special:Contributions/Leducdesaintamand|Leducdesaintamand]] ([[User talk:Leducdesaintamand|discussion]])

Cour du crépuscule

Cour du Crépuscule

Page supprimée pour permettre le renommage depuis « [[Sidhes]] »

Page redirigée vers [[Sidhes]]

Page redirigée vers [[Terre Lustrale]]

Dévoreur (Lune)

Page créée avec « {{voir homonymes|Dévoreur}} {{Définition |edition=N2 |source_ouvrage=La Lune (18) (Codex des Adoptés) |source_lien=La Lune (18) (supplément) |source_chapitre=Glossaire p.5 |texte=c’est ainsi qu’est généralement désigné le Dragon, ennemi éternel de l'Arcane de la Lune. }}  == Voir aussi ==  * [[Dragon]] * [[La Lune (arcane majeur)|La Lune (XVIII)]]  {{faction}} »
